 Let w(q) = -13*q + 5. Let k(y) = 9*p(y) - 2*w(y). What is k(-5)?
4
Let d(v) be the first derivative of 3*v**2 + v**2 + 1 + 4 - 3*v**2. Suppose -3 = 4*s - 3*s. What is d(s)?
-6
Let l(p) = -p + 5. Suppose 4*z - 1 = -17. Determine l(z).
9
Let m(p) be the first derivative of p**4/4 - 5*p**3/3 - 25. What is m(5)?
0
Let y be 1 + 1 + 16/8. Let t(c) = c + 3. Let b(d) = d + 4. Let k(g) = -2*b(g) + 3*t(g). Give k(y).
5
Let w(l) be the second derivative of 2*l**5/5 + l**3/6 - 3*l. Let k = 3 - 2. Calculate w(k).
9
Let n = 8 - 5. Suppose -n*p + 1 = -11. Let h(z) = 157*z + 4 - 154*z + z**2 - 2*z**2. Determine h(p).
0
Let v(p) = -p**3 + p**2 - p - 27. Let z be v(0). Let b = -17 - z. Suppose -2*g = 3*g + b. Let j(u) = -2*u**2 + 1. Calculate j(g).
-7
Let l(u) = -u - 2. Suppose t + 0*t = -4*f, 11 = f + 3*t. Determine l(f).
-1
Let d(k) = k + 3 - 3*k**3 + 5*k**3 - 4*k**2 + 2*k - 3*k**3. Let m = -2 + 1. Let t = m + -3. Give d(t).
-9
Let i be (-5)/(-30) + (-41)/(-6). Let d(f) = i - 4 + 2 + 0 - 2*f. Let y(c) = c. Let v be y(4). Calculate d(v).
-3
Let l(n) = 2*n - 9. Let w(t) = -2*t + 10. Suppose 5*a + 2*m - 19 = 0, -25 = -5*a - 3*m - 9. Let b(g) = a*l(g) + 4*w(g). Determine b(6).
7
Let c(f) = -f**3 + 6*f**2 - 4*f - 2. Let v = 12 - 7. What is c(v)?
3
Let s(p) = -p**3 + p + 2. Let o be s(0). Let f = -2 - o. Let d(c) = 3*c + 3. Determine d(f).
-9
Let w(a) = a**2 + 6*a + 4. Suppose -2*i + i - z - 245 = 0, 0 = i - 2*z + 248. Let y be (-3)/(-24) - i/(-48). Give w(y).
-1
Let d = 19 - 17. Let p(y) = 3*y**3 - 2*y**3 + 2*y - 6*y - d*y**2. What is p(3)?
-3
Let k(j) = -j**3 - 3*j**2 + 2. Let h be 2/((12/(-15))/4). Let p be 5 + -2 - h/(-2). Determine k(p).
-2
Let c(w) = w**3 + 8*w**2 + 8*w + 2. Let u(h) = h - 1. Let b be u(-5). Give c(b).
26
Let v(k) be the second derivative of k**5/5 + k**4/6 + k**3/3 + k**2/2 - k. Let n be (13 + -12)/(1/(-1)). Give v(n).
-3
Let h(r) = 3*r - 3. Let x be h(2). Let a(t) = -4*t + 3 + 9*t**x - 8*t**3 - 2 + 2*t**2 - 3. Let n be (-3)/(-4)*4/(-1). Calculate a(n).
1
Let p(v) = v - 1. Let l be p(10). Suppose 21 = -3*n - 2*i + l, 2*i = -n - 4. Let r(o) = -o + 1. Give r(n).
5
Let b(x) = 2*x + 11. Let a be b(-6). Let j(g) = -2*g**2 - g - 1. Determine j(a).
-2
Let m be (-14)/(-10) - (-6)/(-15). Let k(h) = m + 6*h - h - 2*h + 3. Let n(y) = y + 1. Let t be n(-5). What is k(t)?
-8
Let a(v) = -v + 2. Let o be a(4). Let y(h) = 4*h + 2. Calculate y(o).
-6
Let v(w) = 2 - 311*w + 312*w - 4 - 3. Give v(3).
-2
Let b = -28 + 26. Let k(s) = -s**3 - 3*s**2 - 3*s - 2. Determine k(b).
0
Let q(n) = -n**3 + 4*n**2 + 3*n + 4. Suppose 5*y - 1 - 6 = -3*p, 5*y + 2*p - 3 = 0. Let t = 4 - y. Calculate q(t).
-6
Let z(o) = 2*o**2 - o**2 - o - 1 - 3. Suppose 0 = -b + 2*b - 1. Suppose -3 = -w + b. Give z(w).
8
Let q = 14 - 9. Let j(s) = -s - 4. Let d(t) = -4*t - 27. Let o(p) = -d(p) + 5*j(p). Calculate o(q).
2
Let a(x) be the first derivative of 3*x**2/2 - x - 3. What is a(3)?
8
Let w(z) be the second derivative of z**3/2 - 7*z**2/2 + 20*z. What is w(6)?
11
Suppose -i = 3*d + 10, -i + 0*i - d = 6. Let r(h) = h**2 + 6*h + 6. Determine r(i).
-2
Let a(l) be the third derivative of -l**4/12 + l**3/3 + 16*l**2. Calculate a(2).
-2
Let u(w) be the second derivative of -4*w**3/3 - w**2/2 - 5*w. What is u(-1)?
7
Let q(k) = k + 7. Suppose 0 = -3*o + 5*j - 3, -4*o + 2*j + 28 = 6*j. Suppose 3*r - 12 = 3*v, -o*r + 4 = 3*v - 3*r. Suppose v = 3*c - 2*c. Give q(c).
7
Let k(v) be the second derivative of -v**4/12 + 2*v**3/3 + 10*v. Calculate k(5).
-5
Let u(i) = 2*i**3 - 3*i + 3. Let s be 45/10 + (-1)/(-2). Suppose -s*r = -4*r - 2. What is u(r)?
13
Let l = -2 + -2. Let v(o) be the third derivative of o**5/60 - 5*o**3/6 + 15*o**2. What is v(l)?
11
Let s(k) be the second derivative of k**4/12 - 5*k**3/6 - k**2 - 2*k + 7. What is s(4)?
-6
Let n(t) = 42*t**2 - 50*t**2 + 0 + 1 + t - t**3. Calculate n(-8).
-7
Let l(o) be the third derivative of -o**8/20160 - o**7/720 - o**6/120 + o**5/15 - 3*o**2. Let r(k) be the third derivative of l(k). Calculate r(-6).
0
Let i(o) = -o - 6. Let y(a) = -a**3 + 9*a**2 + 21*a + 7. Let m be y(11). What is i(m)?
-2
Let j(a) be the third derivative of a**5/30 + a**4/4 + 2*a**3/3 - 2*a**2. Let q(s) = -s**3 + 6*s**2 - 6*s + 1. Let x be q(5). Determine j(x).
12
Let o = 7 + -3. Suppose -5*k = v + 32, -2*k + 0*v = -4*v + o. Let d(q) = q + 12. Calculate d(k).
6
Let a(u) = -1 + u + u - 3*u. Let l(c) = 4*c - 1. Let o be l(-2). Let n = o + 6. What is a(n)?
2
Let w(o) = 8 + 5*o**2 - 2*o + 0*o - 2*o + o**3. Let d = -78 - -72. What is w(d)?
-4
Let a(b) = -5*b + 0 + 3*b**3 + 7*b**2 - 4*b**3 - 2 - 4. Calculate a(6).
0
Suppose -3*d + 4 = d. Let u = -11 + d. Let y = 6 + u. Let g(n) = -n**2 - 5*n - 1. Give g(y).
3
Let q(v) be the first derivative of 0*v**4 + 0*v**6 - v**3 + 0*v + 1/840*v**7 + 1/120*v**5 + 3 + 0*v**2. Let d(g) be the third derivative of q(g). What is d(1)?
2
Let h(d) = 3*d**3 - 4*d**3 - 1 + 5*d + 0 + 4*d**2 - 3. Let n be 4/(-3)*(1 - 7). Let w = -3 + n. Give h(w).
-4
Let d(v) = v**3 - 3*v**2 - 5*v + 6. Let c(l) = l**2 + 11*l + 14. Let b be c(-10). Calculate d(b).
2
Let c(b) be the first derivative of b**4/4 + b**3/3 - b**2/2 - 5*b + 2. Suppose -5*n + 5*w + 10 = 0, 0*w = 5*n + 5*w + 10. Calculate c(n).
-5
Let b(z) = z**3 + 11*z**2 + z - 7. Let k(f) = -2*f**3 - 14*f**2 - f + 8. Let v(l) = -3*b(l) - 2*k(l). Let r = -6 - -11. Determine v(r).
0
Let f(m) = m - 1. Let k(t) = -3*t + 8. Let z(b) = 4*f(b) + k(b). Determine z(-3).
1
Let p(q) = 3*q + 0 - 2*q - 3*q**3 + 1. Suppose -3 + 8 = -5*z. What is p(z)?
3
Let r(b) = -2 + 6*b**2 - 7*b**2 - b + 2. Let d(g) = -g**2 - 10*g + 5. Let m(h) = -d(h) + 2*r(h). Determine m(4).
11
Let n(m) = -m + 3. Let t(s) = 7*s - 14. Let u(l) = 6*n(l) + t(l). Let h = 4 - 1. Determine u(h).
7
Let d(u) be the second derivative of -u**4/3 - 12*u. What is d(-1)?
-4
Let j(f) = -f + 1. Let s(k) = -2. Suppose 7 - 1 = 2*a. Let n(q) = a*j(q) + 2*s(q). Determine n(3).
-10
Let k = 16 - 14. Let s be (1 + 2)*(k + -1). Let g(r) = 4*r - 1. Determine g(s).
11
Let d(a) = -a**2 - 6*a + 1. Let x(f) = -f - 5. Let c be x(-7). Suppose 5 = -4*u - 3*y - 9, c*u = 3*y - 16. Determine d(u).
6
Suppose -4*d - 1 - 3 = 0. Let s = 3 + d. Let t(m) = -3*m**2 - 5*m - 1. Let v(u) = -2*u**2 - 5*u. Let a(w) = -3*t(w) + 4*v(w). Determine a(s).
-3
Suppose 2 - 7 = 5*t. Let u(j) = 5*j**3 - 5*j**2 - 5*j + 7. Let q(c) = 2*c**3 - 3*c**2 - 3*c + 4. Let w(y) = -5*q(y) + 3*u(y). Give w(t).
-4
Suppose -3*w = t, -2*w + 30 = 7*t - 3*t. Let y(s) = -s**2 + 10*s - 8. What is y(t)?
1
Let v(f) = 4*f**2 + 3*f + 2. Suppose 62*q + 3 = 61*q. Calculate v(q).
29
Let r be -1 + (0 - -2) + -3. Let o = -4 + 6. Let q(f) = 5*f + 2*f**2 + 1 + o - f**2. What is q(r)?
-3
Let z(t) = t**3 + 3*t**2 + 2*t + 3. Let w(n) = -3*n. Let u be w(-1). Let q = u + -5. Give z(q).
3
Let i be (4/5)/(2/15). Suppose 2*s = 4, -2*s + i*s - 28 = -5*h. Let q(j) be the second derivative of -j**3/6 + 2*j**2 + 13*j. Calculate q(h).
0
Let q(x) = -1 + 2*x + 44*x**2 - 5*x - 43*x**2. Determine q(-2).
9
Let z = -4 - -1. Let q = -2 + z. Let v(t) = t + 13. Let o(y) = -y - 12. Let i(j) = -6*o(j) - 5*v(j). Determine i(q).
2
Let x(y) = -2*y - 1. Let r be x(-2). Let s be (r/2)/(6/8). Let k(u) = 2*u**s + 4*u + 3 - 7 - u. Calculate k(-3).
5
Let t(y) = y + 4. Suppose 2*o + 10 = o + 4*p, 2*p = -2*o - 10. Calculate t(o).
-2
Let r(m) be the third derivative of m**5/12 + m**4/12 - m**3/6 + 15*m**2. Give r(1).
6
Let s(f) = f**3 - 3*f**2 - 3*f + 5. Let n = 7 + 2. Suppose 0 = 3*y - 9 - n. Let v = y - 2. What is s(v)?
9
Let d(t) = -76*t + 5*t**2 - 77*t + 160*t - 4*t**2. Suppose 4 + 0 = -z. Determine d(z).
-12
Let h(w) = -2*w + 3. Suppose 6*b - b = 15. Calculate h(b).
-3
Let f(g) = g**2 - 4*g - 1. Suppose -27 + 2 = -5*r, -35 = -5*l - 5*r. Determine f(l).
-5
Let y be 2*2*(4 + (-45)/10). Let n(x) = -x**2 + 2*x + 2. Calculate n(y).
-6
Let q(f) = -f**2 - 7*f - 7. Let z(j) = j - 3. Let w be z(5). Suppose -3*s - w*s - 25 = 0. What is q(s)?
3
Let b(r) = -r**3 + 3*r**2 + 2*r. Let v = -10 - -12. What is b(v)?
8
Let y(t) be the third derivative of t**6/720 + t**5/24 - 5*t**4/24 + 5*t**2. Let n(d) be the second derivative of y(d). What is n(-4)?
1
Let i(s) = 2*s + 6. Suppose -41*b = -42*b - 6. Determine i(b).
-6
Let b = -13 + 8. Let l(k) be the third derivative of -1/120*k**6 - k**2 +